t of 2/w*60/(-5)?
4
Let r = -5 - -7. What is the units digit of r - 1*-2*11?
4
Suppose 0 = -0*l - 2*l, 4*l = -2*f. Suppose f = -3*g + 8*g - 120. What is the units digit of g?
4
Let p(c) = -c + 10. Let d be p(-8). Let o = -8 + d. What is the units digit of ((-6)/(-10))/(2/o)?
3
Suppose 0 = 86*v - 87*v + 278. What is the hundreds digit of v?
2
Suppose -u = -9 - 11. What is the tens digit of u?
2
Let y(f) = -f**3 - 4*f**2 - 2*f - 5. What is the units digit of y(-4)?
3
Let i = 12 - -1. Let d = i + -9. Suppose -4 = -d*r - 0. What is the units digit of r?
1
Let k be 1/((-2)/36*-3). What is the tens digit of ((-28)/k)/((-1)/6)?
2
Suppose 3 = 5*k - 2*m + 1, 0 = 5*k - 5*m + 10. Suppose 4 - k = -p. What is the units digit of (-14)/(-6) + p/6?
2
Suppose -98 + 22 = -4*x. Let l = x + -10. What is the units digit of l?
9
What is the units digit of ((-13)/2)/((-6)/36)?
9
Let b be (-8)/36 + 22/18. What is the units digit of (7 - 6)/(b/14)?
4
Let w = -7 + -1. Let b = 0 - w. What is the units digit of b?
8
Let o be ((-145)/(-3))/((-1)/(-3)). Suppose 3*z - 8*z + o = 0. What is the units digit of z?
9
Let b(f) = f - 9. Let c be b(9). Suppose c = -2*x - 7 + 1. What is the tens digit of 1 - (x + 2 - 15)?
1
What is the tens digit of -21*(2/3)/(-1)?
1
Let z(d) = d**2 + 4*d - 4. Let l be z(-5). What is the units digit of l/(-1) + 25 - 3?
1
Suppose -k = -28 - 28. What is the tens digit of k?
5
Let u(o) be the first derivative of o**4/4 + 10*o**3/3 + 5*o**2 + 3*o - 2. Let v be u(-9). What is the units digit of 4/(-5)*15/v?
2
Suppose 0 = 2*y - 3*v - 100, 2*v = 4*y + 3*v - 172. What is the tens digit of y?
4
Let w(y) = y**3 + 7*y**2 + y + 2. Let k be w(-5). Let b = 84 - k. What is the units digit of b?
7
Suppose 2*h = 39 + 11. Suppose -3*v - 30 = -4*c - 10, 0 = -5*v + 5*c - h. Suppose v*b + 33 = 3*b. What is the tens digit of b?
1
Suppose 3*f + 50 = 5*m - 0*f, m + 5*f - 10 = 0. Suppose 8*d + 9 = 5*d - 3*v, 4*d = -3*v - m. What is the units digit of 1/d + 1 + 4?
4
Suppose 3 = 5*g - 47. What is the tens digit of g?
1
Let m(j) = j**2 + j + 7. Let t be m(0). Suppose 3*y - t - 20 = 0. What is the units digit of y?
9
Suppose 3*s + 3 = -3. Let l be (3/(-3) - s)*5. Suppose -2*w - l*k = -20, 40 = 4*w - 0*k + 4*k. What is the units digit of w?
0
Let p = -23 + 68. What is the tens digit of p?
4
Let b(d) = d**3 + 7*d**2 - 5*d - 6. What is the units digit of b(-7)?
9
Let s be (1 - (-26)/4)*-4. What is the units digit of (6/10)/((-2)/s)?
9
Suppose -3*o + 4*o + 2*j = -9, -3*o + 2*j = 51. Suppose 0*r = 2*r - 62. Let w = r + o. What is the units digit of w?
6
Suppose 0*s = 4*s - 92. What is the tens digit of (-20)/5 - (0 - s)?
1
Let w = -1 + 5. What is the units digit of 3/(-6) + 10/w?
2
Let k(x) = 3*x + 3*x**3 - 6 - 2*x**3 + x**2 - 8*x**2 - 3. What is the units digit of k(7)?
2
Suppose 2*g + g = 0, g - 10 = -2*v. Suppose 0 = -2*t + 6, 0*z - v*t = 2*z - 11. What is the units digit of (-6)/2*(z + 1)?
3
Let y = 163 - 38. What is the tens digit of y?
2
Suppose 4*n + 8 = -0. Let f be ((-16)/n)/(6 - 7). Let l = f + 14. What is the units digit of l?
6
Let o(j) = 27*j - 13. What is the tens digit of o(6)?
4
Let t be 1 - -47 - (6 - 9). Suppose -3*u + 4*i + 72 = 0, 3*u - 21 - t = -4*i. What is the units digit of u?
4
Let o = 26 + -17. What is the units digit of o?
9
Let h = -38 - -83. Suppose 0 = -5*f - 3*q + h, -4*f - 4*q + 3*q + 36 = 0. What is the units digit of f?
9
Suppose -9*x + 437 = -1525. What is the hundreds digit of x?
2
Suppose 0 = 4*z - 0*z - 60. What is the units digit of z?
5
Suppose 0 = -4*u - 2 - 6. Suppose 0*w - 12 = -2*w. Let a = u + w. What is the units digit of a?
4
Suppose 3*m = -0*m + 12. What is the units digit of m?
4
Suppose 4*z - 84 = -2*z. What is the units digit of 508/z - (-28)/(-98)?
6
Suppose 0*m + m = 0. Suppose m = -2*t - 2. Let q = 8 + t. What is the units digit of q?
7
Suppose -2*x - x = -12. Let h(c) = 3 - 2*c + 4*c - x. What is the units digit of h(7)?
3
Let t be 4*(50/(-4) + -1). Let r = t + -2. What is the units digit of (r/24)/(1/(-6))?
4
Suppose -3*x + 0*x = -4*b + 402, -3*x + 192 = 2*b. What is the units digit of b?
9
Suppose -2*u = -c, 0 = 4*u + 4*c - 5 - 7. What is the units digit of 5 + (u - 2)*0?
5
Let l(y) = -y**3 - 8*y**2 + 11*y - 2. What is the hundreds digit of l(-11)?
2
Suppose 2*m - 2*y = -30, -69 = -m + 6*m - 2*y. Let u = -17 + m. Let p = -18 - u. What is the units digit of p?
2
Let x be 2*-3*(-12)/18. Suppose 0 = x*j, 4*i + 5*j - 46 + 10 = 0. What is the units digit of i?
9
Suppose g = -4*g + 330. Suppose g = 2*l + 4*y, y + 56 = l + l. What is the units digit of l?
9
Let y(z) = z + 10. Let w(f) = -f**2 - 10*f - 11. Let t be w(-8). What is the units digit of y(t)?
5
Suppose 5*y + 3*u = 316, -u + 112 = 2*y - 15. What is the units digit of y?
5
Suppose -2*v = v - 606. What is the hundreds digit of v?
2
Let u(c) = c**2 + 3*c - 17. Let d be u(-5). Let t(g) be the third derivative of g**4/24 + 5*g**3/3 + g**2. What is the units digit of t(d)?
3
Let t be (3/9)/((-2)/12). Let p be t/4 - (-4)/8. Suppose h - 17 + 3 = p. What is the units digit of h?
4
What is the tens digit of 3*((-160)/(-12) - -1)?
4
Suppose 3*t = -2*t. Suppose 0 = -2*q + 5*g - 5, -2*q + 4*g - 3*g + 15 = t. What is the tens digit of q?
1
Let m(q) = 4*q - 17. What is the tens digit of m(11)?
2
Let x be (32/20)/(2/25). Let w be x*-5 - (-2 + 0). What is the units digit of (-2)/(-10) - w/35?
3
Let x(s) = -s**3 + 13*s**2 - 16*s + 13. What is the tens digit of x(11)?
7
Let q = -7 - -8. What is the units digit of (-34)/(-8) + q/(-4)?
4
Let b(u) = 2*u + 2*u - 4 - 2*u. What is the units digit of b(5)?
6
Suppose 0*n + 10 = 2*n. What is the units digit of n?
5
Let v(t) = -t**2 - 2*t + 2. Let h be v(-4). Let q = h + 11. What is the units digit of q?
5
Suppose w = -2*u + 2, 4*w - 2*u = 8*w - 8. Let p be w*-2 + 2/(-2). Let f = 8 + p. What is the units digit of f?
3
Suppose 41*g = 43*g - 236. What is the tens digit of g?
1
Let v = -1 - -1. Let w be (0 - (-3)/(-6))*2. Let a = v - w. What is the units digit of a?
1
What is the units digit of -1 + ((-13)/(-52))/((-2)/(-40))?
4
Let f be (-3)/(-2)*-2 - 0. Let c = f - 8. Let y = c + 17. What is the units digit of y?
6
Let c = -25 - -106. What is the tens digit of c?
8
Suppose 0*p + p = 30. What is the units digit of p?
0
Suppose 2*z - 7 = 19. What is the units digit of z?
3
Suppose 2*r - 5*r + 11 = p, -3*p + r + 3 = 0. What is the units digit of p?
2
Let i be (-2)/(-1) + (0 - 3). Let w(y) = -15*y - 1. What is the tens digit of w(i)?
1
Let m = -38 + 17. Let r = m - -36. What is the units digit of r?
5
Suppose 2*u - 4*o = 262, -2*u = 4*o - 304 + 10. What is the hundreds digit of u?
1
Suppose -4*s + 57 = -91. What is the tens digit of s?
3
Let y(t) = 4*t**2 - 12 + 9*t + 3*t**2 + 5*t**3 - 6*t**3. Let d be y(8). What is the units digit of (-15)/(-2)*d/(-5)?
6
What is the units digit of 26/2 - 11/((-44)/(-16))?
9
Let c be (-2)/(-8) - (-22)/8. Suppose 2*n = c*n + 54. What is the units digit of ((-2)/(-6))/((-6)/n)?
3
Suppose -6*z + z - 120 = 0. Let w = 44 + z. What is the units digit of 4/w + (-19)/(-5)?
4
Let p = 62 - 49. What is the tens digit of p?
1
Suppose w - 52 = 2*n - 5*n, w - 2*n - 32 = 0. What is the tens digit of w?
4
Let p = -105 + 167. What is the units digit of p?
2
Let z(p) = -p**3 - 3*p**2 - 4*p - 2. Let l be z(-2). What is the units digit of (((-24)/(-3))/1)/l?
4
Suppose 3 = 5*t - 2. Suppose 0 = -2*f + f + t. Suppose -2 = -z + f. What is the units digit of z?
3
Suppose -85*d + 90*d = 975. What is the hundreds digit of d?
1
Suppose -20 = -b + 7. What is the tens digit of b?
2
Let o = 1322 - 915. What is the units digit of o?
7
Suppose 0 = -2*g + 184 - 50. Suppose -3*d + 8 = -g. Let c = -17 + d. What is the units digit of c?
8
Let n be (-1*98/2)/(-1). Suppose -2*t + n = 17. What is the tens digit of t?
1
Suppose -5*m + f + 0 = -1, 3*m - 5 = 5*f. Let u(r) = 0*r - 2 + m + 4 - 3*r. What is the tens digit of u(-3)?
1
Suppose 5*d = 6*d - 57. What is the tens digit of d?
5
Suppose -210 + 62 = -4*u. What is the tens digit of u?
3
Suppose 44 = -0*d + 4*d. What is the tens digit of d?
1
Let t = 75 - 22. What is the units digit of t?
3
Suppose 341 = 4*i + f - 0*f, 0 = -i - 3*f + 88. Suppose 0 = 3*n - 8*n - x + i, -n - 3*x = -31. What is the tens digit o